 2*l, 0 = 5*u + 3*l + 12. Let h(z) = 5*z + 4. Let o(m) = -14*m - 11. Let v(g) = -17*h(g) - 6*o(g). Give v(u).
-2
Let i(a) = a**3 + 6*a**2 + 7*a + 6. Suppose -5*h + 11 = -109. Let l be (-6)/h - 15/4. Give i(l).
10
Let z(f) = f**2 + f - 1. Let y(b) = 2*b**2 + b - 3. Let h(s) = 6*y(s) - 11*z(s). Determine h(5).
-7
Let n(v) = -v**3 + 7*v**2 - 2*v + 8. Suppose -2*h - 3 = -17. What is n(h)?
-6
Let i(o) = o**2 - 7*o - 1. Let z be 8 - (4 - (5 + -3)). Determine i(z).
-7
Suppose -i = 2 - 9. Suppose 15 = 4*k - 7*k - 3*h, 0 = -5*k + 4*h - i. Let y(f) = -3 - 6*f - 216*f**3 + f + 215*f**3 - 5*f**2. Give y(k).
-6
Let h be (-7)/(-2) - (-2)/(-4). Let v be 7/(-28) - 31/4. Let x(d) = 6*d - 1. Let q(p) = 2*p. Let s(k) = v*q(k) + 3*x(k). Determine s(h).
3
Let i(y) = -9*y**2 - 12*y + 12. Let f(z) = 4*z**2 + 6*z - 6. Let d(x) = -x**3 - 6*x**2 - 7. Let k be d(-6). Let a(b) = k*f(b) - 3*i(b). Calculate a(-6).
6
Let s(v) = -2*v**2 + 3*v + 2. Let p(b) = -b**2 + b. Let t(r) = 4*p(r) - s(r). Give t(2).
-8
Let b(u) = -2*u**2 - 11*u + 17. Let f(m) = -m**2 - 5*m + 8. Let r(c) = 2*b(c) - 5*f(c). What is r(-6)?
12
Let g(m) = 3*m**2 - 10*m - 8. Let h(b) = 2*b**2 - 7*b - 5. Let w(v) = 5*g(v) - 8*h(v). Suppose 2*l + 4 - 6 = 0. Let c be -3 + l - (-3 + -4). Determine w(c).
5
Let m(r) = -r - 1. Let k = -12 - -14. Suppose -4*t = 3*n - 6*n - 8, k*n = -4*t + 28. Give m(n).
-5
Suppose -2*c = -c - 6. Let m(u) = 0*u**3 + 3*u - 3*u**3 - 7*u**2 - 7 + 5*u + 4*u**3. What is m(c)?
5
Let u(m) = 6*m**2 + 2*m - 3. Let t be u(1). Let l(z) = -z**2 + 5*z - 5. Give l(t).
-5
Let o(z) = 7*z**2 - 2*z + 1. Let h(i) = i**2 + 11*i + 13. Let d be h(-9). Let a(t) = -t**2. Let s(w) = d*a(w) - o(w). Calculate s(1).
-1
Let m(v) = 4*v + 7. Let x(n) = -13*n - 22. Let z(r) = 7*m(r) + 2*x(r). Determine z(-5).
-5
Suppose -2 = 2*p - 8. Let d(g) = 2*g - 5. Let y be d(4). Let o(x) = x**2 + 1 - x + 0*x**3 + x**y + 4*x - 2*x**3. Calculate o(p).
-8
Let x be (-4)/18 - (-40)/18. Let u(p) = 9*p - x*p - p. What is u(-1)?
-6
Let x(r) = -3*r + r - r**2 - 3 + 0*r + 0*r. Suppose q - 3*k - 10 = k, 1 = 4*q - 3*k. Calculate x(q).
-3
Let c(k) = k - 3. Let p be (4/(-14))/((-13)/273). Give c(p).
3
Let q = 26 - 21. Let p(f) = 2*f + 3. What is p(q)?
13
Let d(f) = -f + 6. Let p(u) = -u + 7. Let n(g) = -3*d(g) + 2*p(g). Calculate n(5).
1
Let j(w) = -w**3 - 3*w**2 - 4*w - 11. Let t(k) = -k**3 - 2*k**2 - 6*k - 12. Let o(l) = -4*j(l) + 3*t(l). Determine o(-7).
-27
Suppose 0 = -0*v - v - 17. Let a be v/3 - (-4)/6. Let g(r) be the third derivative of -r**4/12 - 2*r**2. Calculate g(a).
10
Let d(r) = -4*r - 5. Let t(o) = o. Let s = 15 - 12. Let i(q) = s*t(q) + d(q). Determine i(-6).
1
Suppose 1 + 3 = b + 5*g, -2*g = b - 4. Let c(d) = 0*d - b + 11 + d. What is c(-5)?
2
Let j(p) = -20*p - 19*p + 41*p - 1. What is j(-3)?
-7
Let y(f) be the third derivative of f**4/24 + 34*f**2. Determine y(-5).
-5
Let g(o) = -o**2 - 8*o - 1. Let t(q) = q**3 + 6*q**2 - 7. Let c be t(-6). Let n be g(c). Let m(x) = -x**3 + 7*x**2 - 7*x + 3. Calculate m(n).
-3
Let n(z) = 3*z**2 + z - 1. Let x = -11 + 18. Let o = x - 6. Calculate n(o).
3
Let f(d) = -d**3 + 6*d**2 - 4*d - 3. Suppose 2*c - c = 5. Give f(c).
2
Let x(c) = c - 16. Let j be x(11). Let w(v) = -v - 2. What is w(j)?
3
Let q(d) be the first derivative of d**3/3 - 2*d**2 + 5*d - 53. What is q(4)?
5
Let b(f) = -f + 28 - 13*f**2 - 28. Give b(-1).
-12
Let j(p) be the first derivative of 3*p**2/2 - 2*p - 44. Calculate j(-5).
-17
Let j(p) = -p**2 + 7*p - 3. Let o be j(7). Let w(y) = y**3 + 3*y**2 + 5*y + 3. Calculate w(o).
-12
Let j(t) be the second derivative of t**6/40 + t**5/30 - t**4/12 - t**3/6 + 4*t**2 + 5*t. Let o(b) be the first derivative of j(b). Determine o(-2).
-13
Let b(z) = z + 4. Let d be ((-1)/((-9)/6))/((-4)/24). What is b(d)?
0
Let g(v) = v**2 + 3*v - 2. Let m be (8/(-10))/(3/15). Let a be m/(-18) - (-890)/45. Suppose 7*w + a = 2*w. Give g(w).
2
Let s(j) = -j - 1. Let n(x) = -2*x**2 + 3*x - 2. Suppose 0*k - 10 = 5*k. Let l be (-2 - (-2 - k)) + 4. Let a be n(l). What is s(a)?
3
Let p(q) = q + 0*q - 3*q - 2. Let m be (-6*(-3 + 2))/2. Calculate p(m).
-8
Let f(t) = -t**3 + t**2 + 6*t + 1. Let o = -12 - -18. Let l(n) = n**2 + n. Let h(x) = o*l(x) - f(x). What is h(-5)?
-1
Let z(v) = -v**3 - v**2 + v + 2. Let g = -2 + 4. Let b be (-1 + 1)/(g + -1). Determine z(b).
2
Let x(m) = m + 8 + 2*m - 4*m. Give x(6).
2
Suppose 6 = -t + 4*t. Let o(w) = -4*w + 2*w + 4*w. Let i be o(t). Let a(s) = s**2 - 3*s + 2. Calculate a(i).
6
Let j(u) be the third derivative of -u**6/120 - u**5/60 - 2*u**3 - 23*u**2. Calculate j(0).
-12
Let r(n) = 2*n**3 - 3*n**2 + 3*n. Let v be -10*10/(-75)*9/4. Calculate r(v).
36
Let k be 4/((-8)/6) + 3. Let w(s) = 5*s**2 + 1. Let o(u) be the third derivative of -u**5/10 - u**3/6 - u**2. Let z(y) = 4*o(y) + 5*w(y). Give z(k).
1
Suppose 5*o - 16 = 9. Let i(x) = -x**2 - 2 + 1 + o. Give i(0).
4
Let g(j) = -5 + 40*j**2 - 38*j**2 - j**3 + 1 + 4*j. Calculate g(3).
-1
Let c(i) be the first derivative of -i**3/3 + i**2 + 4*i + 6. Determine c(-3).
-11
Suppose 0 = 3*q - 7 - 8. Suppose 2*u = 4*h + h - 20, -q*h + 20 = u. Let a(o) = -2*o + 3. Calculate a(h).
-5
Let q(d) = 2*d**2 - 2 - 4 - 5 - d**2. Let g(i) = -i**2 - 3*i + 4. Let t be g(-4). Give q(t).
-11
Let c(y) be the third derivative of 1/120*y**6 - 1/30*y**5 + 8*y**2 + 0*y + 1/2*y**3 + 0 - 1/8*y**4. What is c(2)?
-3
Suppose 0 = -j - 0*j. Let l = j + 1. Let v be l/((-3)/(0 + 9)). Let g(u) = -u. Calculate g(v).
3
Let y be (2 + 0)*6/4. Let a(l) be the third derivative of l**4/24 - l**3/3 + 10*l**2 + 1. What is a(y)?
1
Let n(c) = c**2 - 9*c - 2. Suppose -10 - 12 = -3*v - 5*a, -3*v = 2*a - 25. Give n(v).
-2
Let l(b) = -5*b**3 + 4*b**2 - b - 5. Let u(v) = v**3 - v**2 + 1. Let p(a) = l(a) + 4*u(a). Determine p(0).
-1
Let f = 14 - -1. Let t = 9 - f. Let r(v) = 2*v + 6. Determine r(t).
-6
Let s(w) be the second derivative of -w**5/120 + w**4/12 - 2*w**3/3 - 6*w. Let l(y) be the second derivative of s(y). Determine l(2).
0
Suppose 20 = 6*a - 2*a. Let j(c) = -1 - 2*c + 6*c**3 - a*c**3 + 7*c**3. Give j(-1).
-7
Let o be (-13)/(-13) - 1/(-2). Let f(t) be the first derivative of -1 - o*t**2 - 7*t. Determine f(-5).
8
Let p(f) = f**2 - 2*f**2 + 3 - 2*f + 0*f. Suppose 0 = -7*y - 27 - 1. What is p(y)?
-5
Let x(c) be the first derivative of -7*c**2 + 8. Determine x(1).
-14
Suppose -7 - 2 = f. Let q = f + 13. Let m(z) = z**2 - 5*z - 1. Give m(q).
-5
Let b(v) be the third derivative of 1/3*v**3 + 1/60*v**5 + 0 + 0*v + 3*v**2 + 1/12*v**4. Give b(-3).
5
Let q(g) = -5*g + g**3 + 0 + 7 - 3*g - 5*g**2. Let u be 3/(((-3)/2)/(-3)). Calculate q(u).
-5
Let g(h) = -h**2 + 14*h - 11. Let q(t) = -5*t + 4. Let y(d) = d**3 + 7*d**2 + 4*d - 8. Let k be y(-6). Let l(o) = k*g(o) + 11*q(o). Give l(-1).
-5
Let p(o) = -2*o + 3. Let u = 7 - 5. Let l = 1 + u. Suppose 5*d - 11 = l*d + 3*r, -4*r = -4*d + 20. What is p(d)?
-5
Suppose 0 = k - 4*k + 4*p + 4, -k + 5*p = -5. Let l(j) = 0*j + k - 2 + 0*j + 5*j. Calculate l(2).
8
Let x(j) = -2 + j**2 - 7*j + j**3 + 7*j. Give x(-2).
-6
Suppose -6 + 26 = 4*g. Suppose -3 = g*d - 4*d. Let q(p) be the third derivative of p**5/60 + p**4/6 + p**3/3 + 6*p**2. What is q(d)?
-1
Let x(s) = -2*s**3 + 4*s**2 - 3*s + 1. Suppose -10*h + 2 = -9*h. What is x(h)?
-5
Let r(n) = 3 - 8 + n - 6 + 1. Calculate r(0).
-10
Let p(u) be the third derivative of 0*u + 1/24*u**4 - 4*u**2 + 0 - 1/6*u**3. Give p(-3).
-4
Suppose -6 = -4*p + 2*p. Let w(m) = m**2 + m - 4. Let v be w(-3). Let o(u) = -3 - 4*u - 2*u**2 + v*u + 3*u**2. Determine o(p).
0
Suppose 9*k = 6*k + 9. Let b(m) = -m + 7. Give b(k).
4
Let b be (-6)/4*8/6. Let i = 4 + b. Let j(p) = -5 - p + p**2 + p**i - p**2 - 4*p. Calculate j(6).
1
Let k = 41 + -39. Let n be (-2)/(2*1) - -5. Let m = k + n. Let g(l) = -l**2 + 7*l - 1. What is g(m)?
5
Let k = 28 + -29. Let w(y) = 0*y - y + 2*y. Calculate w(k).
-1
Let d(s) = -5*s**3 - 10*s**2 + 5*s - 1. Let q(p) = -6*p**3 - 11*p**2 + 6*p - 2. Let n(b) = -7*d(b) + 6*q(b). Calculate n(4).
-1
Let g = 4 + 2. Let l(u) be the third derivative of -u**4/12 + u**3/6 + 9*u**2. Give l(g).
-11
Let s(u) = u + 1. Let k(i) = -i**2 + 8*i + 9. Let w be k(8). Let v(a) = a**2 - 8*a - 5. Let y be v(w). Calculate s(y).
5
Let n(h) = 3*h + 2. Let u(t) = 6*t**2 - 4*t**3 + 3 + 3*t**3 - 8*t + 2. Let q be u(5). Le